 20878572?
132
Calculate the highest common divisor of 8801 and 3986176.
677
Calculate the highest common factor of 29111 and 39818.
43
Calculate the highest common factor of 6335818 and 22.
2
What is the highest common divisor of 148 and 7959218?
74
Calculate the highest common divisor of 97818516 and 20.
4
Calculate the greatest common divisor of 4 and 17071924.
4
Calculate the greatest common divisor of 167469372 and 72.
36
What is the greatest common divisor of 369 and 2340?
9
What is the greatest common factor of 58003248 and 144?
48
What is the greatest common factor of 6133348 and 860?
172
Calculate the highest common factor of 975936 and 460.
92
Calculate the greatest common factor of 123541 and 141207.
121
What is the greatest common divisor of 17392 and 59783913?
1087
What is the greatest common factor of 10507 and 9178141?
553
Calculate the highest common divisor of 3568618 and 9158.
38
Calculate the greatest common divisor of 711677 and 18323.
73
Calculate the highest common factor of 73 and 68839949.
73
What is the highest common divisor of 22427023 and 2017?
2017
What is the greatest common divisor of 549559 and 629?
17
Calculate the greatest common divisor of 6154860 and 100.
20
Calculate the greatest common factor of 444 and 38880044.
148
Calculate the greatest common factor of 43245 and 617985.
1395
Calculate the highest common factor of 417 and 199371.
3
What is the highest common factor of 15 and 206335?
5
What is the highest common factor of 2712060 and 369538?
1586
What is the highest common factor of 12369 and 2168565?
399
Calculate the greatest common divisor of 266 and 618012563.
133
Calculate the greatest common divisor of 45027927 and 3339.
63
What is the greatest common factor of 11806352 and 112?
16
What is the greatest common divisor of 2556655 and 269765?
815
Calculate the highest common factor of 2286 and 387012434.
254
What is the highest common divisor of 57600 and 60975?
225
What is the highest common divisor of 39979838 and 38?
38
What is the highest common factor of 8617215 and 846?
141
Calculate the greatest common factor of 39578 and 5104.
22
Calculate the highest common factor of 944511 and 1424589.
447
What is the greatest common divisor of 6452 and 7484?
4
Calculate the highest common factor of 1147 and 1885117440.
1147
What is the highest common divisor of 6420 and 126696?
12
Calculate the highest common divisor of 1839 and 209636805.
1839
Calculate the greatest common divisor of 297 and 13920066.
27
What is the greatest common divisor of 339378 and 3819?
57
What is the greatest common divisor of 741260 and 16620?
20
What is the greatest common divisor of 185780 and 2320?
20
What is the greatest common divisor of 13211748 and 86946?
2022
Calculate the greatest common factor of 21006 and 37652088.
2334
Calculate the highest common factor of 300006 and 1008.
126
What is the highest common factor of 48391 and 7219625?
1561
Calculate the highest common factor of 7781 and 33263524.
251
Calculate the highest common factor of 14979718 and 26.
26
Calculate the greatest common divisor of 27 and 57285126.
9
What is the greatest common divisor of 17460 and 26424837?
873
Calculate the greatest common factor of 623597005 and 5510.
2755
Calculate the greatest common factor of 12331720 and 160.
40
What is the highest common divisor of 12822 and 336406540?
4274
Calculate the highest common factor of 26893328 and 122032.
4208
What is the greatest common divisor of 10005725 and 373?
373
What is the greatest common divisor of 81 and 15793?
1
Calculate the highest common factor of 788 and 50038.
394
Calculate the greatest common divisor of 15470685 and 59.
59
What is the greatest common factor of 290 and 51560?
10
Calculate the greatest common factor of 107352 and 108864.
1512
What is the highest common factor of 34977871 and 207?
23
Calculate the greatest common factor of 11046645 and 48222.
1269
Calculate the greatest common divisor of 154168 and 983976.
56
Calculate the highest common factor of 4712 and 104006.
38
What is the greatest common divisor of 9910940 and 23400?
260
What is the highest common factor of 43842997 and 803?
803
What is the highest common divisor of 7000535 and 115?
5
Calculate the greatest common factor of 99 and 1542165867.
99
What is the greatest common factor of 392 and 531232?
8
Calculate the greatest common divisor of 21330 and 975492.
1422
Calculate the highest common factor of 800 and 955570200.
200
What is the highest common divisor of 528 and 28414056?
264
What is the highest common factor of 689 and 26684242?
13
What is the highest common divisor of 691388827 and 16886?
8443
Calculate the highest common divisor of 389487783 and 228.
57
Calculate the highest common divisor of 66736 and 5701757.
4171
What is the greatest common divisor of 21344 and 3432704?
736
What is the greatest common factor of 16 and 51724512?
16
What is the greatest common divisor of 210 and 431165028?
42
Calculate the greatest common divisor of 2 and 1653627.
1
What is the highest common factor of 1630177 and 737?
67
What is the greatest common divisor of 12432 and 135737?
7
Calculate the highest common divisor of 247535345 and 1010.
505
Calculate the highest common divisor of 56053960 and 140.
20
What is the greatest common divisor of 320873 and 27853?
161
Calculate the highest common factor of 431982 and 79686.
4194
Calculate the greatest common factor of 4272 and 6364848.
48
What is the highest common factor of 34842261 and 771?
771
Calculate the highest common factor of 1386 and 342607419.
693
Calculate the greatest common factor of 8613 and 1234629.
297
Calculate the highest common factor of 387861 and 132.
3
What is the highest common divisor of 12763065 and 5425?
35
Calculate the highest common divisor of 501 and 12893569.
167
Calculate the highest common factor of 3250517532 and 4404.
4404
Calculate the greatest common divisor of 1079100 and 35752.
436
What is the highest common factor of 4362800 and 244400?
5200
Calculate the highest common divisor of 5263 and 16875671.
277
What is the greatest common factor of 395152 and 24608?
16
Calculate the greatest common factor of 1660 and 7340935.
415
What is the highest common divisor of 2878304 and 3404?
148
Calculate the greatest common factor of 36060752 and 52.
52
What is the greatest common divisor of 132 and 6922124?
44
What is the highest common divisor of 14384 and 2821352?
232
What is the greatest common factor of 319360 and 16480?
160
Calculate the greatest common factor of 139603 and 7261.
137
What is the greatest common factor of 4803866 and 8028?
446
What is the greatest common divisor of 59843 and 3071?
83
Calculate the greatest common divisor of 37752 and 4961.
121
Calculate the highest common factor of 594 and 60810706.
22
What is the greatest common divisor of 68346608 and 129?
43
What is the highest common divisor of 3503 and 816764?
113
Calculate the greatest common factor of 108780 and 297675.
735
Calculate the highest common divisor of 388 and 22103196.
388
Calculate the greatest common divisor of 22776 and 279228.
12
What is the greatest common divisor of 11508 and 3152096?
548
What is the greatest common divisor of 28487081 and 49?
49
What is the greatest common divisor of 175485098 and 9482?
862
What is the greatest common factor of 11737 and 1646381?
1067
What is the greatest common factor of 6585 and 540336565?
2195
What is the greatest common factor of 12839335 and 51?
17
What is the greatest common divisor of 317346 and 7166163?
681
Calculate the highest common factor of 6064562 and 844.
422
What is the highest common factor of 3445 and 93444247?
689
What is the greatest common factor of 74057923 and 3644?
911
What is the greatest common divisor of 133620 and 175050060?
7860
Calculate the highest common factor of 24187 and 779.
19
Calculate the greatest common divisor of 9 and 1322874027.
9
Calculate the highest common factor of 54568 and 151696.
152
What is the highest common divisor of 6731163 and 91089?
3141
What is the greatest common factor of 36 and 54228564?
36
What is the greatest common factor of 6529902 and 5022?
186
What is the greatest common factor of 1279442 and 1744?
218
What is the highest common factor of 60081 and 